{"id":4108,"date":"2022-05-10T19:32:36","date_gmt":"2022-05-10T17:32:36","guid":{"rendered":"https:\/\/fotsportegyesulet.hu\/?page_id=4108"},"modified":"2022-06-08T10:19:43","modified_gmt":"2022-06-08T08:19:43","slug":"foti-foci-fesztival-nevezes","status":"publish","type":"page","link":"https:\/\/fotsportegyesulet.hu\/index.php\/foti-foci-fesztival-nevezes\/","title":{"rendered":"F\u00f3ti Foci Fesztiv\u00e1l nevez\u00e9s"},"content":{"rendered":"<div id=\"pl-4108\"  class=\"panel-layout\" ><div id=\"pg-4108-0\"  class=\"panel-grid panel-no-style\" ><div id=\"pgc-4108-0-0\"  class=\"panel-grid-cell\" ><div id=\"panel-4108-0-0-0\" class=\"so-panel widget widget_sow-editor panel-first-child panel-last-child\" data-index=\"0\" ><div\n\t\t\t\n\t\t\tclass=\"so-widget-sow-editor so-widget-sow-editor-base\"\n\t\t\t\n\t\t>\n<div class=\"siteorigin-widget-tinymce textwidget\">\n\t<h3>Az Orsz\u00e1gos 11-es r\u00fag\u00f3 bajnoks\u00e1gra val\u00f3 nevez\u00e9s\u00e9rt g\u00f6rgess lentebb!!!<\/h3>\n<h3>I. F\u00f3ti Foci Fesztiv\u00e1l verseny\u00e9re jelentkezni a k\u00f6vetkez\u0151k\u00e9ppen lehet:<\/h3>\n<p>F\u00f3t Sportegyes\u00fclet\u00fcnk \u00e1ltal megrendezett I. F\u00f3ti Foci Fesztiv\u00e1lra sok szeretettel v\u00e1runk minden kedves \u00e9rdekl\u0151d\u0151t, ahol meghirdetett versenyeink nyertesei \u00e9rt\u00e9kes aj\u00e1nd\u00e9kokban r\u00e9szes\u00fclnek! Esem\u00e9ny\u00fcnk 2151 F\u00f3t, Kossuth L. utca 36., Balogh S\u00e1ndor Sportcentrumban ker\u00fcl megrendez\u00e9sre, melyre a k\u00f6vetkez\u0151k\u00e9ppen lehets\u00e9ges jelentkezni:<\/p>\n<p>Junior kateg\u00f3ri\u00e1j\u00e1ba jelentkezhet minden 10 \u00e9let\u00e9v\u00e9t bet\u00f6lt\u00f6tt gyerek, aki m\u00e9g nem t\u00f6lt\u00f6tte be a 14. \u00e9let\u00e9v\u00e9t, melynek d\u00edja 1000 Forint\/f\u0151 el\u0151nevez\u00e9s eset\u00e9ben. Helysz\u00ednen val\u00f3 nevez\u00e9s eset\u00e9ben 1500 Forint\/f\u0151.<\/p>\n<p>Feln\u0151tt kateg\u00f3ri\u00e1ba azok jelentkezhetnek, akik m\u00e1r bet\u00f6lt\u00f6tt\u00e9k a 14. \u00e9let\u00e9v\u00fcket, melynek d\u00edja 2000 Forint\/f\u0151 el\u0151nevez\u00e9s eset\u00e9ben. Helysz\u00ednen val\u00f3 nevez\u00e9s eset\u00e9ben 2500 Forint\/f\u0151.<\/p>\n<p>Korcsoportonk\u00e9nt az els\u0151 3 nyertes \u00e9rt\u00e9kes aj\u00e1nd\u00e9kokban r\u00e9szes\u00fclnek!<\/p>\n<h3>El\u0151nevezni\u00a0 az I. F\u00f3ti Foci Fesztiv\u00e1l versenyeire, ami mag\u00e1ba foglalja a 7-es r\u00fag\u00f3 versenyt, darts foci versenyt \u00e9s a fels\u0151 kapufa r\u00fag\u00f3 versenyt 2022.06.09. van lehet\u0151s\u00e9g.<\/h3>\n<h3>El\u0151nevez\u00e9ssel kapcsolatos inform\u00e1ci\u00f3k:<\/h3>\n<p>Az min\u0151s\u00fcl el\u0151nevezettnek, aki a lent csatolt linken kereszt\u00fcl kit\u00f6lti a nevez\u00e9shez sz\u00fcks\u00e9ges regisztr\u00e1ci\u00f3s \u0171rlapot, \u00e9s \u00e1tutalja a F\u00f3t Sportegyes\u00fclet sz\u00e1mlasz\u00e1m\u00e1ra a nevez\u00e9si d\u00edjat legk\u00e9s\u0151bb 2022.06.09-\u00e9n, \u00e9jf\u00e9lig!<\/p>\n<h3><strong><a href=\"https:\/\/forms.gle\/Fv2KNoxcAvkSy8kU6\" target=\"_blank\" rel=\"noopener\">Online el\u0151nevez\u00e9s &gt;&gt;&gt;<\/a><\/strong><\/h3>\n<h3><strong><a href=\"https:\/\/fotsportegyesulet.hu\/wp-content\/uploads\/2022\/05\/Foci-Fesztival-2022-nevezesi-lap.pdf\" target=\"_blank\" rel=\"noopener\">Let\u00f6lthet\u0151, kinyomtathat\u00f3 nevez\u00e9si lap &gt;&gt;&gt;<\/a><\/strong><\/h3>\n<p>El\u0151nevezettnek min\u0151s\u00fcl, aki a fenti online nevez\u00e9si lapot kit\u00f6lti vagy a pdf form\u00e1tumban el\u00e9rhet\u0151 jelentkez\u00e9si lapunkat let\u00f6lti, majd kit\u00f6ltve elk\u00fcldi az adminisztracio@fotsportegyesulet.hu e-mail c\u00edmre, tov\u00e1bb\u00e1 2022.06.09-e \u00e9jf\u00e9lig a verseny nevez\u00e9si d\u00edj\u00e1t \u00e1tutalja a F\u00f3t Sportegyes\u00fclet sz\u00e1mlasz\u00e1m\u00e1ra. Azok a versenyz\u0151k, akik a kit\u00f6lt\u00f6tt nevez\u00e9si lapot eljuttatj\u00e1k el\u00e9rhet\u0151s\u00e9geinkre, de a verseny nevez\u00e9si d\u00edj\u00e1t legk\u00e9s\u0151bb 2022.06.09-ig nem teljes\u00edtik, azok nem min\u0151s\u00fclnek el\u0151nevezettnek!<\/p>\n<p>Az utal\u00e1shoz sz\u00fcks\u00e9ges inform\u00e1ci\u00f3k:<br \/>\nBanksz\u00e1mlasz\u00e1m: <span style=\"font-weight: 400;\">F\u00d3T SE FOLY\u00d3SZ\u00c1MLA: 66000028-15401469<br \/>\n<\/span>A k\u00f6zlem\u00e9nyben k\u00e9r\u00fcnk t\u00fcntsd fel a neved \u00e9s telefonsz\u00e1mod!<\/p>\n<h4>Meghirdetett 7-es r\u00fag\u00f3 verseny\u00fcnkre, darts foci verseny\u00fcnket 2. kateg\u00f3ri\u00e1ban lehet jelentkezni, m\u00edg\u00a0 kapufa r\u00fag\u00f3 verseny\u00fcnkre korhat\u00e1r n\u00e9lk\u00fcl v\u00e1runk minden \u00e9rdekl\u0151d\u0151t! A nevez\u00e9s d\u00edja mind h\u00e1rom veresny\u00fcnk\u00f6n val\u00f3 r\u00e9szv\u00e9tel\u00e9t mag\u00e1ba foglalja!<\/h4>\n<h4>7-es r\u00fag\u00f3 verseny\u00fcnk nincsen m\u00e1s dolgod, mint 7 m\u00e9terr\u0151l k\u00e9zilabda kapura r\u00fagni a labd\u00e1t, \u00e9s betal\u00e1lni 2 db pr\u00f3b\u00e1lkoz\u00e1sb\u00f3l!<\/h4>\n<p>Korcsoportjai:<br \/>\nJunior kateg\u00f3ri\u00e1j\u00e1ba jelentkezhet minden 10 \u00e9let\u00e9v\u00e9t bet\u00f6lt\u00f6tt gyerek, aki m\u00e9g nem t\u00f6lt\u00f6tte be a 14. \u00e9let\u00e9v\u00e9t.<br \/>\nFeln\u0151tt kateg\u00f3ri\u00e1ba azok jelentkezhetnek, akik m\u00e1r bet\u00f6lt\u00f6tt\u00e9k a 14. \u00e9let\u00e9v\u00fcket.<\/p>\n<p>Korcsoportonk\u00e9nt az els\u0151 3 nyertes \u00e9rt\u00e9kes aj\u00e1nd\u00e9kokban r\u00e9szes\u00fclnek!<\/p>\n<h4>Darts foci verseny\u00fcnk\u00a0t\u00f6k\u00e9letesen \u00f6tv\u00f6zi a foci \u00e9s a darts legjobb elemeit, mindezt egy \u00f3ri\u00e1si l\u00e9gv\u00e1ron. Verseny\u00fcnk\u00f6n nincsen m\u00e1s dolgod, mint h\u00e1rom r\u00fag\u00e1sb\u00f3l a lehet\u0151 legt\u00f6bb pontot gy\u0171jteni \u00e9s megnyerni darts verseny\u00fcnket!<\/h4>\n<p>Korcsoportjai:<br \/>\nJunior kateg\u00f3ri\u00e1j\u00e1ba jelentkezhet minden 10 \u00e9let\u00e9v\u00e9t bet\u00f6lt\u00f6tt gyerek, aki m\u00e9g nem t\u00f6lt\u00f6tte be a 14. \u00e9let\u00e9v\u00e9t.<br \/>\nFeln\u0151tt kateg\u00f3ri\u00e1ba azok jelentkezhetnek, akik m\u00e1r bet\u00f6lt\u00f6tt\u00e9k a 14. \u00e9let\u00e9v\u00fcket.<\/p>\n<p>Korcsoportonk\u00e9nt az els\u0151 3 nyertes \u00e9rt\u00e9kes aj\u00e1nd\u00e9kokban r\u00e9szes\u00fclnek!<\/p>\n<h4>Fels\u0151 kapufa r\u00fag\u00f3 verseny\u00fcnk- Egyszer\u0171nek t\u0171nik ugye? \u2013 Csak el kell tal\u00e1lnod!<\/h4>\n<p>V\u00e1runk minden versenyz\u0151t a fels\u0151 kapufa r\u00fag\u00f3 verseny\u00fcnkre, melyen korhat\u00e1r n\u00e9lk\u00fcl lehet r\u00e9sztvenni.\u00a0 A l\u00e9nyeg, hogy eltal\u00e1ld a fels\u0151 kapuf\u00e1t!<br \/>\nA legjobb 3 versenyz\u0151 \u00e9rt\u00e9kes aj\u00e1nd\u00e9kokban r\u00e9szes\u00fclnek!<\/p>\n<h4>Alternat\u00edv programjaimnak kicsik \u00e9s nagyok sz\u00e1m\u00e1ra nem ig\u00e9nyelnek nevez\u00e9st!<\/h4>\n<p>10:00-14:00 Teqball<br \/>\n10:00-14:00 Dek\u00e1z\u00f3 verseny<br \/>\n10:00-14:00 \u00c9l\u0151csocs\u00f3<br \/>\n10:00-14:00 Szerencseker\u00e9k foci kv\u00edz<br \/>\nA legkisebbeknek c\u00e9lba r\u00fag\u00e1s mini kapukra!<\/p>\n<h3>A j\u00f3 kedvedet se hagyd otthon!\u00a0 \ud83d\ude42<\/h3>\n<p>&nbsp;<\/p>\n<h3>Az Orsz\u00e1gos 11-es r\u00fag\u00f3 bajnoks\u00e1g ter\u00fcleti fordul\u00e1j\u00e1nak verseny\u00e9re jelentkezni kiz\u00e1r\u00f3lag\u00a0 el\u0151nevez\u00e9s eset\u00e9ben lehets\u00e9ges a k\u00f6vetkez\u0151 linkre kattintva: <a href=\"https:\/\/tizenegyesrugo.hu\/web\/nevezes\"><span style=\"color: #0000ff;\">https:\/\/tizenegyesrugo.hu\/web\/nevezes<\/span><\/a><\/h3>\n<p>A 11-es r\u00fag\u00f3 bajnoks\u00e1g ter\u00fcleti fordul\u00f3j\u00e1ra nevezhet minden 14. \u00e9let\u00e9v\u00e9t bet\u00f6lt\u00f6tt szem\u00e9ly.<\/p>\n<p><span style=\"font-weight: 400;\">Ezen esem\u00e9ny nevez\u00e9si d\u00edja (3900 Forint\/f\u0151) f\u00fcggetlen a I. F\u00f3ti Foci Fesztiv\u00e1l t\u00f6bbi programj\u00e1t\u00f3l.<\/span><\/p>\n<p>&nbsp;<\/p>\n<p>&nbsp;<\/p>\n<p>&nbsp;<\/p>\n<p>&nbsp;<\/p>\n<p>&nbsp;<\/p>\n<\/div>\n<\/div><\/div><\/div><\/div><\/div>","protected":false},"excerpt":{"rendered":"<p>Az Orsz\u00e1gos 11-es r\u00fag\u00f3 bajnoks\u00e1gra val\u00f3 nevez\u00e9s\u00e9rt g\u00f6rgess lentebb!!! I. F\u00f3ti Foci Fesztiv\u00e1l verseny\u00e9re jelentkezni a k\u00f6vetkez\u0151k\u00e9ppen lehet: F\u00f3t Sportegyes\u00fclet\u00fcnk \u00e1ltal megrendezett I. F\u00f3ti Foci Fesztiv\u00e1lra sok szeretettel v\u00e1runk minden&#8230;<\/p>\n","protected":false},"author":3,"featured_media":0,"parent":0,"menu_order":0,"comment_status":"closed","ping_status":"closed","template":"","meta":{"_bbp_topic_count":0,"_bbp_reply_count":0,"_bbp_total_topic_count":0,"_bbp_total_reply_count":0,"_bbp_voice_count":0,"_bbp_anonymous_reply_count":0,"_bbp_topic_count_hidden":0,"_bbp_reply_count_hidden":0,"_bbp_forum_subforum_count":0,"_price":"","_stock":"","_tribe_ticket_header":"","_tribe_default_ticket_provider":"","_ticket_start_date":"","_ticket_end_date":"","_tribe_ticket_show_description":"","_tribe_ticket_show_not_going":false,"_tribe_ticket_use_global_stock":"","_tribe_ticket_global_stock_level":"","_global_stock_mode":"","_global_stock_cap":"","_tribe_rsvp_for_event":"","_tribe_ticket_going_count":"","_tribe_ticket_not_going_count":"","_tribe_tickets_list":"[]","_tribe_ticket_has_attendee_info_fields":false,"footnotes":"","_tec_slr_enabled":"","_tec_slr_layout":""},"class_list":["post-4108","page","type-page","status-publish","hentry"],"yoast_head":"<!-- This site is optimized with the Yoast SEO plugin v25.7 - https:\/\/yoast.com\/wordpress\/plugins\/seo\/ -->\n<title>F\u00f3ti Foci Fesztiv\u00e1l nevez\u00e9s - F\u00d3T SPORTEGYES\u00dcLET<\/title>\n<meta name=\"robots\" content=\"index, follow, max-snippet:-1, max-image-preview:large, max-video-preview:-1\" \/>\n<link rel=\"canonical\" href=\"https:\/\/fotsportegyesulet.hu\/index.php\/foti-foci-fesztival-nevezes\/\" \/>\n<meta property=\"og:locale\" content=\"hu_HU\" \/>\n<meta property=\"og:type\" content=\"article\" \/>\n<meta property=\"og:title\" content=\"F\u00f3ti Foci Fesztiv\u00e1l nevez\u00e9s - F\u00d3T SPORTEGYES\u00dcLET\" \/>\n<meta property=\"og:description\" content=\"Az Orsz\u00e1gos 11-es r\u00fag\u00f3 bajnoks\u00e1gra val\u00f3 nevez\u00e9s\u00e9rt g\u00f6rgess lentebb!!! I. F\u00f3ti Foci Fesztiv\u00e1l verseny\u00e9re jelentkezni a k\u00f6vetkez\u0151k\u00e9ppen lehet: F\u00f3t Sportegyes\u00fclet\u00fcnk \u00e1ltal megrendezett I. F\u00f3ti Foci Fesztiv\u00e1lra sok szeretettel v\u00e1runk minden...\" \/>\n<meta property=\"og:url\" content=\"https:\/\/fotsportegyesulet.hu\/index.php\/foti-foci-fesztival-nevezes\/\" \/>\n<meta property=\"og:site_name\" content=\"F\u00d3T SPORTEGYES\u00dcLET\" \/>\n<meta property=\"article:publisher\" content=\"https:\/\/www.facebook.com\/fotsportegyesulet\/\" \/>\n<meta property=\"article:modified_time\" content=\"2022-06-08T08:19:43+00:00\" \/>\n<meta property=\"og:image\" content=\"https:\/\/fotsportegyesulet.hu\/wp-content\/uploads\/2017\/04\/cimlap_minta.jpg\" \/>\n\t<meta property=\"og:image:width\" content=\"1200\" \/>\n\t<meta property=\"og:image:height\" content=\"628\" \/>\n\t<meta property=\"og:image:type\" content=\"image\/jpeg\" \/>\n<meta name=\"twitter:card\" content=\"summary_large_image\" \/>\n<meta name=\"twitter:label1\" content=\"Becs\u00fclt olvas\u00e1si id\u0151\" \/>\n\t<meta name=\"twitter:data1\" content=\"3 perc\" \/>\n<script type=\"application\/ld+json\" class=\"yoast-schema-graph\">{\"@context\":\"https:\/\/schema.org\",\"@graph\":[{\"@type\":\"WebPage\",\"@id\":\"https:\/\/fotsportegyesulet.hu\/index.php\/foti-foci-fesztival-nevezes\/\",\"url\":\"https:\/\/fotsportegyesulet.hu\/index.php\/foti-foci-fesztival-nevezes\/\",\"name\":\"F\u00f3ti Foci Fesztiv\u00e1l nevez\u00e9s - F\u00d3T SPORTEGYES\u00dcLET\",\"isPartOf\":{\"@id\":\"https:\/\/fotsportegyesulet.hu\/#website\"},\"datePublished\":\"2022-05-10T17:32:36+00:00\",\"dateModified\":\"2022-06-08T08:19:43+00:00\",\"breadcrumb\":{\"@id\":\"https:\/\/fotsportegyesulet.hu\/index.php\/foti-foci-fesztival-nevezes\/#breadcrumb\"},\"inLanguage\":\"hu\",\"potentialAction\":[{\"@type\":\"ReadAction\",\"target\":[\"https:\/\/fotsportegyesulet.hu\/index.php\/foti-foci-fesztival-nevezes\/\"]}]},{\"@type\":\"BreadcrumbList\",\"@id\":\"https:\/\/fotsportegyesulet.hu\/index.php\/foti-foci-fesztival-nevezes\/#breadcrumb\",\"itemListElement\":[{\"@type\":\"ListItem\",\"position\":1,\"name\":\"Kezd\u0151lap\",\"item\":\"https:\/\/fotsportegyesulet.hu\/\"},{\"@type\":\"ListItem\",\"position\":2,\"name\":\"F\u00f3ti Foci Fesztiv\u00e1l nevez\u00e9s\"}]},{\"@type\":\"WebSite\",\"@id\":\"https:\/\/fotsportegyesulet.hu\/#website\",\"url\":\"https:\/\/fotsportegyesulet.hu\/\",\"name\":\"F\u00d3T SPORTEGYES\u00dcLET\",\"description\":\"\",\"publisher\":{\"@id\":\"https:\/\/fotsportegyesulet.hu\/#organization\"},\"potentialAction\":[{\"@type\":\"SearchAction\",\"target\":{\"@type\":\"EntryPoint\",\"urlTemplate\":\"https:\/\/fotsportegyesulet.hu\/?s={search_term_string}\"},\"query-input\":{\"@type\":\"PropertyValueSpecification\",\"valueRequired\":true,\"valueName\":\"search_term_string\"}}],\"inLanguage\":\"hu\"},{\"@type\":\"Organization\",\"@id\":\"https:\/\/fotsportegyesulet.hu\/#organization\",\"name\":\"F\u00f3t Sportegyes\u00fclet\",\"url\":\"https:\/\/fotsportegyesulet.hu\/\",\"logo\":{\"@type\":\"ImageObject\",\"inLanguage\":\"hu\",\"@id\":\"https:\/\/fotsportegyesulet.hu\/#\/schema\/logo\/image\/\",\"url\":\"https:\/\/fotsportegyesulet.hu\/wp-content\/uploads\/2020\/07\/eredeti-sz\u00ednes-vektoros-Fot-cimer-3.png\",\"contentUrl\":\"https:\/\/fotsportegyesulet.hu\/wp-content\/uploads\/2020\/07\/eredeti-sz\u00ednes-vektoros-Fot-cimer-3.png\",\"width\":500,\"height\":500,\"caption\":\"F\u00f3t Sportegyes\u00fclet\"},\"image\":{\"@id\":\"https:\/\/fotsportegyesulet.hu\/#\/schema\/logo\/image\/\"},\"sameAs\":[\"https:\/\/www.facebook.com\/fotsportegyesulet\/\"]}]}<\/script>\n<!-- \/ Yoast SEO plugin. -->","yoast_head_json":{"title":"F\u00f3ti Foci Fesztiv\u00e1l nevez\u00e9s - F\u00d3T SPORTEGYES\u00dcLET","robots":{"index":"index","follow":"follow","max-snippet":"max-snippet:-1","max-image-preview":"max-image-preview:large","max-video-preview":"max-video-preview:-1"},"canonical":"https:\/\/fotsportegyesulet.hu\/index.php\/foti-foci-fesztival-nevezes\/","og_locale":"hu_HU","og_type":"article","og_title":"F\u00f3ti Foci Fesztiv\u00e1l nevez\u00e9s - F\u00d3T SPORTEGYES\u00dcLET","og_description":"Az Orsz\u00e1gos 11-es r\u00fag\u00f3 bajnoks\u00e1gra val\u00f3 nevez\u00e9s\u00e9rt g\u00f6rgess lentebb!!! I. F\u00f3ti Foci Fesztiv\u00e1l verseny\u00e9re jelentkezni a k\u00f6vetkez\u0151k\u00e9ppen lehet: F\u00f3t Sportegyes\u00fclet\u00fcnk \u00e1ltal megrendezett I. F\u00f3ti Foci Fesztiv\u00e1lra sok szeretettel v\u00e1runk minden...","og_url":"https:\/\/fotsportegyesulet.hu\/index.php\/foti-foci-fesztival-nevezes\/","og_site_name":"F\u00d3T SPORTEGYES\u00dcLET","article_publisher":"https:\/\/www.facebook.com\/fotsportegyesulet\/","article_modified_time":"2022-06-08T08:19:43+00:00","og_image":[{"width":1200,"height":628,"url":"https:\/\/fotsportegyesulet.hu\/wp-content\/uploads\/2017\/04\/cimlap_minta.jpg","type":"image\/jpeg"}],"twitter_card":"summary_large_image","twitter_misc":{"Becs\u00fclt olvas\u00e1si id\u0151":"3 perc"},"schema":{"@context":"https:\/\/schema.org","@graph":[{"@type":"WebPage","@id":"https:\/\/fotsportegyesulet.hu\/index.php\/foti-foci-fesztival-nevezes\/","url":"https:\/\/fotsportegyesulet.hu\/index.php\/foti-foci-fesztival-nevezes\/","name":"F\u00f3ti Foci Fesztiv\u00e1l nevez\u00e9s - F\u00d3T SPORTEGYES\u00dcLET","isPartOf":{"@id":"https:\/\/fotsportegyesulet.hu\/#website"},"datePublished":"2022-05-10T17:32:36+00:00","dateModified":"2022-06-08T08:19:43+00:00","breadcrumb":{"@id":"https:\/\/fotsportegyesulet.hu\/index.php\/foti-foci-fesztival-nevezes\/#breadcrumb"},"inLanguage":"hu","potentialAction":[{"@type":"ReadAction","target":["https:\/\/fotsportegyesulet.hu\/index.php\/foti-foci-fesztival-nevezes\/"]}]},{"@type":"BreadcrumbList","@id":"https:\/\/fotsportegyesulet.hu\/index.php\/foti-foci-fesztival-nevezes\/#breadcrumb","itemListElement":[{"@type":"ListItem","position":1,"name":"Kezd\u0151lap","item":"https:\/\/fotsportegyesulet.hu\/"},{"@type":"ListItem","position":2,"name":"F\u00f3ti Foci Fesztiv\u00e1l nevez\u00e9s"}]},{"@type":"WebSite","@id":"https:\/\/fotsportegyesulet.hu\/#website","url":"https:\/\/fotsportegyesulet.hu\/","name":"F\u00d3T SPORTEGYES\u00dcLET","description":"","publisher":{"@id":"https:\/\/fotsportegyesulet.hu\/#organization"},"potentialAction":[{"@type":"SearchAction","target":{"@type":"EntryPoint","urlTemplate":"https:\/\/fotsportegyesulet.hu\/?s={search_term_string}"},"query-input":{"@type":"PropertyValueSpecification","valueRequired":true,"valueName":"search_term_string"}}],"inLanguage":"hu"},{"@type":"Organization","@id":"https:\/\/fotsportegyesulet.hu\/#organization","name":"F\u00f3t Sportegyes\u00fclet","url":"https:\/\/fotsportegyesulet.hu\/","logo":{"@type":"ImageObject","inLanguage":"hu","@id":"https:\/\/fotsportegyesulet.hu\/#\/schema\/logo\/image\/","url":"https:\/\/fotsportegyesulet.hu\/wp-content\/uploads\/2020\/07\/eredeti-sz\u00ednes-vektoros-Fot-cimer-3.png","contentUrl":"https:\/\/fotsportegyesulet.hu\/wp-content\/uploads\/2020\/07\/eredeti-sz\u00ednes-vektoros-Fot-cimer-3.png","width":500,"height":500,"caption":"F\u00f3t Sportegyes\u00fclet"},"image":{"@id":"https:\/\/fotsportegyesulet.hu\/#\/schema\/logo\/image\/"},"sameAs":["https:\/\/www.facebook.com\/fotsportegyesulet\/"]}]}},"ticketed":false,"_links":{"self":[{"href":"https:\/\/fotsportegyesulet.hu\/index.php\/wp-json\/wp\/v2\/pages\/4108","targetHints":{"allow":["GET"]}}],"collection":[{"href":"https:\/\/fotsportegyesulet.hu\/index.php\/wp-json\/wp\/v2\/pages"}],"about":[{"href":"https:\/\/fotsportegyesulet.hu\/index.php\/wp-json\/wp\/v2\/types\/page"}],"author":[{"embeddable":true,"href":"https:\/\/fotsportegyesulet.hu\/index.php\/wp-json\/wp\/v2\/users\/3"}],"replies":[{"embeddable":true,"href":"https:\/\/fotsportegyesulet.hu\/index.php\/wp-json\/wp\/v2\/comments?post=4108"}],"version-history":[{"count":27,"href":"https:\/\/fotsportegyesulet.hu\/index.php\/wp-json\/wp\/v2\/pages\/4108\/revisions"}],"predecessor-version":[{"id":4475,"href":"https:\/\/fotsportegyesulet.hu\/index.php\/wp-json\/wp\/v2\/pages\/4108\/revisions\/4475"}],"wp:attachment":[{"href":"https:\/\/fotsportegyesulet.hu\/index.php\/wp-json\/wp\/v2\/media?parent=4108"}],"curies":[{"name":"wp","href":"https:\/\/api.w.org\/{rel}","templated":true}]}}