{"id":4015,"date":"2022-05-10T17:37:10","date_gmt":"2022-05-10T15:37:10","guid":{"rendered":"https:\/\/fotsportegyesulet.hu\/?page_id=4015"},"modified":"2022-05-31T15:34:57","modified_gmt":"2022-05-31T13:34:57","slug":"foti-foci-fesztival-darts-foci-verseny","status":"publish","type":"page","link":"https:\/\/fotsportegyesulet.hu\/index.php\/foti-foci-fesztival-darts-foci-verseny\/","title":{"rendered":"F\u00f3ti Foci Fesztiv\u00e1l Darts foci verseny"},"content":{"rendered":"<h2><img loading=\"lazy\" decoding=\"async\" class=\"aligncenter wp-image-4016 size-full\" src=\"https:\/\/fotsportegyesulet.hu\/wp-content\/uploads\/2022\/05\/2000x500-DARTS.png\" alt=\"f\u00f3ti foci darts\" width=\"2000\" height=\"500\" srcset=\"https:\/\/fotsportegyesulet.hu\/wp-content\/uploads\/2022\/05\/2000x500-DARTS.png 2000w, https:\/\/fotsportegyesulet.hu\/wp-content\/uploads\/2022\/05\/2000x500-DARTS-300x75.png 300w, https:\/\/fotsportegyesulet.hu\/wp-content\/uploads\/2022\/05\/2000x500-DARTS-1024x256.png 1024w, https:\/\/fotsportegyesulet.hu\/wp-content\/uploads\/2022\/05\/2000x500-DARTS-768x192.png 768w, https:\/\/fotsportegyesulet.hu\/wp-content\/uploads\/2022\/05\/2000x500-DARTS-1536x384.png 1536w\" sizes=\"auto, (max-width: 2000px) 100vw, 2000px\" \/><\/h2>\n<h2>Gy\u0171jts \u00f6ssze min\u00e9l t\u00f6bb pontot!<\/h2>\n<p>10:00 -14:00 k\u00f6z\u00f6tt versenyeink egyik legizgalmasabb \u00e1llom\u00e1s\u00e1t pr\u00f3b\u00e1lhatod ki a 7\u00d75 m\u00e9teres, 6 m\u00e9ter magas Darts focit, amely t\u00f6k\u00e9letesen \u00f6tv\u00f6zi a foci \u00e9s a darts legjobb elemeit, mindezt egy \u00f3ri\u00e1si l\u00e9gv\u00e1ron. Nincsen m\u00e1s dolgod, mint h\u00e1rom r\u00fag\u00e1sb\u00f3l a lehet\u0151 legt\u00f6bb pontot gy\u0171jteni \u00e9s megnyerni darts verseny\u00fcnket!<\/p>\n<h3>Korcsoportjaink:<\/h3>\n<ul>\n<li>Junior kateg\u00f3ri\u00e1ba tartozik minden 7. \u00e9let\u00e9v\u00e9t bet\u00f6lt\u00f6tt gyerek, de m\u00e9g 14. \u00e9let\u00e9v\u00e9t be nem t\u00f6lt\u00f6tt gyerek.<\/li>\n<li>Feln\u0151tt kateg\u00f3ri\u00e1ba tartozik mindenki, aki a 14. \u00e9let\u00e9v\u00e9t bet\u00f6lt\u00f6tte.<\/li>\n<p><strong>Versenyek nyerem\u00e9nyei:<\/strong><br \/>\nDarts foci verseny\u00fcnk junior kateg\u00f3ri\u00e1j\u00e1nak nyertesei a k\u00f6vetkez\u0151 \u00e9rt\u00e9kes Football Factor aj\u00e1nd\u00e9k utalv\u00e1nyokat vihetik haza:<br \/>\n1. helyezett 30.000 Forint \u00e9rt\u00e9kben<br \/>\n2. helyezett 20.000 Forint \u00e9rt\u00e9kben<br \/>\n3. helyezett 10.000 Forint \u00e9rt\u00e9kben<\/p>\n<p>Darts foci verseny\u00fcnk feln\u0151tt kateg\u00f3ri\u00e1j\u00e1nak nyertesei a k\u00f6vetkez\u0151 \u00e9rt\u00e9kes Football Factor aj\u00e1nd\u00e9k utalv\u00e1nyokat vihetik haza:<br \/>\n1. helyezett 50.000 Forint \u00e9rt\u00e9kben<br \/>\n2. helyezett 30.000 Forint \u00e9rt\u00e9kben<br \/>\n3. helyezett 10.000 Forint \u00e9rt\u00e9kben<\/p>\n<\/ul>\n<h3>Nevez\u00e9s a Darts foci verseny\u00fcnkre:<\/h3>\n<h3><strong><a href=\"https:\/\/forms.gle\/Fv2KNoxcAvkSy8kU6\" target=\"_blank\" rel=\"noopener\">Online el\u0151nevez\u00e9s &gt;&gt;&gt;<\/a><\/strong><\/h3>\n<h3><strong><a href=\"https:\/\/fotsportegyesulet.hu\/wp-content\/uploads\/2022\/05\/Foci-Fesztival-2022-nevezesi-lap.pdf\" target=\"_blank\" rel=\"noopener\">Let\u00f6lthet\u0151, kinyomtathat\u00f3 nevez\u00e9si lap &gt;&gt;&gt;<\/a><\/strong><\/h3>\n<p>A junior kateg\u00f3ria online nevez\u00e9si d\u00edja 1000 Forint, amely mag\u00e1ban foglalja a 7-es r\u00fag\u00f3 versenyt, a darts foci versenyt, fels\u0151 kapufa r\u00fag\u00f3 versenyt. Helysz\u00edni nevez\u00e9s eset\u00e9n 1500 Forint a nevez\u00e9si d\u00edj 14 \u00e9ves kor alatt.<\/p>\n<p>Az online nevez\u00e9s d\u00edja 14 \u00e9ves kor felett 2000 Forint, amely mag\u00e1ba foglalja a 7-es r\u00fag\u00f3 versenyt, a darts foci versenyt \u00e9s a fels\u0151 kapufa r\u00fag\u00f3 versenyt. Helysz\u00edni nevez\u00e9s eset\u00e9n 2500 Forint a nevez\u00e9si d\u00edj 14 \u00e9ves kor felett.<\/p>\n<h3>A nevez\u00e9s <a href=\"https:\/\/fotsportegyesulet.hu\/index.php\/foti-foci-fesztival-nevezes\/\" target=\"_blank\" rel=\"noopener\">tov\u00e1bbi r\u00e9sztei itt &gt;&gt;&gt;<\/a><\/h3>\n<h3>J\u00e1t\u00e9kszab\u00e1lyzat:<\/h3>\n<p>A Darts foci t\u00f6k\u00e9letesen \u00f6tv\u00f6zi a foci \u00e9s a darts legjobb elemeit, mindezt egy \u00f3ri\u00e1si l\u00e9gv\u00e1ron. Verseny\u00fcnk\u00f6n nincsen m\u00e1s dolgod, mint h\u00e1rom r\u00fag\u00e1sb\u00f3l a lehet\u0151 legt\u00f6bb pontot gy\u0171jteni \u00e9s megnyerni darts verseny\u00fcnket!<\/p>\n<ol>\n<li>fordul\u00f3: minimum 25 pontot \u00f6sszegy\u0171jteni 3 r\u00fag\u00e1sb\u00f3l<\/li>\n<li>fordul\u00f3: minimum 35 pontot \u00f6sszegy\u0171jteni 3 r\u00fag\u00e1sb\u00f3l<\/li>\n<li>fordul\u00f3 egyben a d\u00f6nt\u0151 is, ahol a legmagasabb pontsz\u00e1mokat el\u00e9r\u0151k ker\u00fclnek be. Pont azonoss\u00e1g eset\u00e9n 1 labd\u00e1val \u00fajra r\u00fag\u00e1s.<\/li>\n<\/ol>\n<p>A j\u00e1t\u00e9k ter\u00fclet\u00e9n a r\u00fag\u00e1sok ideje alatt nem tartozkodhat m\u00e1s a versenyz\u0151n, versenyb\u00edr\u00f3n, egy anim\u00e1toron \u00e9s a j\u00e1t\u00e9k jegyz\u0151k\u00f6nyvvezet\u0151j\u00e9n k\u00edv\u00fcl!<\/p>\n<h3>Darts foci verseny\u00fcnket 2 kateg\u00f3ri\u00e1ban hirdett\u00fck meg, ahol mindk\u00e9t kateg\u00f3ria els\u0151 3 helyezettje \u00e9rt\u00e9kes aj\u00e1nd\u00e9kokban r\u00e9szes\u00fcl!<\/h3>\n<p>&nbsp;<\/p>\n<p><a href=\"https:\/\/fotsportegyesulet.hu\/index.php\/foti-foci-fesztival-2022\" target=\"_blank\" rel=\"noopener\"><img loading=\"lazy\" decoding=\"async\" class=\"wp-image-4027 aligncenter\" src=\"https:\/\/fotsportegyesulet.hu\/wp-content\/uploads\/2022\/05\/1vissza.png\" alt=\"\" width=\"450\" height=\"150\" srcset=\"https:\/\/fotsportegyesulet.hu\/wp-content\/uploads\/2022\/05\/1vissza.png 600w, https:\/\/fotsportegyesulet.hu\/wp-content\/uploads\/2022\/05\/1vissza-300x100.png 300w\" sizes=\"auto, (max-width: 450px) 100vw, 450px\" \/><\/a><\/p>\n","protected":false},"excerpt":{"rendered":"<p>Gy\u0171jts \u00f6ssze min\u00e9l t\u00f6bb pontot! 10:00 -14:00 k\u00f6z\u00f6tt versenyeink egyik legizgalmasabb \u00e1llom\u00e1s\u00e1t pr\u00f3b\u00e1lhatod ki a 7\u00d75 m\u00e9teres, 6 m\u00e9ter magas Darts focit, amely t\u00f6k\u00e9letesen \u00f6tv\u00f6zi a foci \u00e9s a darts&#8230;<\/p>\n","protected":false},"author":3,"featured_media":0,"parent":0,"menu_order":0,"comment_status":"closed","ping_status":"closed","template":"","meta":{"_bbp_topic_count":0,"_bbp_reply_count":0,"_bbp_total_topic_count":0,"_bbp_total_reply_count":0,"_bbp_voice_count":0,"_bbp_anonymous_reply_count":0,"_bbp_topic_count_hidden":0,"_bbp_reply_count_hidden":0,"_bbp_forum_subforum_count":0,"_price":"","_stock":"","_tribe_ticket_header":"","_tribe_default_ticket_provider":"","_ticket_start_date":"","_ticket_end_date":"","_tribe_ticket_show_description":"","_tribe_ticket_show_not_going":false,"_tribe_ticket_use_global_stock":"","_tribe_ticket_global_stock_level":"","_global_stock_mode":"","_global_stock_cap":"","_tribe_rsvp_for_event":"","_tribe_ticket_going_count":"","_tribe_ticket_not_going_count":"","_tribe_tickets_list":"[]","_tribe_ticket_has_attendee_info_fields":false,"footnotes":"","_tec_slr_enabled":"","_tec_slr_layout":""},"class_list":["post-4015","page","type-page","status-publish","hentry"],"yoast_head":"<!-- This site is optimized with the Yoast SEO plugin v25.7 - https:\/\/yoast.com\/wordpress\/plugins\/seo\/ -->\n<title>F\u00f3ti Foci Fesztiv\u00e1l Darts foci verseny - F\u00d3T SPORTEGYES\u00dcLET<\/title>\n<meta name=\"robots\" content=\"index, follow, max-snippet:-1, max-image-preview:large, max-video-preview:-1\" \/>\n<link rel=\"canonical\" href=\"https:\/\/fotsportegyesulet.hu\/index.php\/foti-foci-fesztival-darts-foci-verseny\/\" \/>\n<meta property=\"og:locale\" content=\"hu_HU\" \/>\n<meta property=\"og:type\" content=\"article\" \/>\n<meta property=\"og:title\" content=\"F\u00f3ti Foci Fesztiv\u00e1l Darts foci verseny - F\u00d3T SPORTEGYES\u00dcLET\" \/>\n<meta property=\"og:description\" content=\"Gy\u0171jts \u00f6ssze min\u00e9l t\u00f6bb pontot! 10:00 -14:00 k\u00f6z\u00f6tt versenyeink egyik legizgalmasabb \u00e1llom\u00e1s\u00e1t pr\u00f3b\u00e1lhatod ki a 7\u00d75 m\u00e9teres, 6 m\u00e9ter magas Darts focit, amely t\u00f6k\u00e9letesen \u00f6tv\u00f6zi a foci \u00e9s a darts...\" \/>\n<meta property=\"og:url\" content=\"https:\/\/fotsportegyesulet.hu\/index.php\/foti-foci-fesztival-darts-foci-verseny\/\" \/>\n<meta property=\"og:site_name\" content=\"F\u00d3T SPORTEGYES\u00dcLET\" \/>\n<meta property=\"article:publisher\" content=\"https:\/\/www.facebook.com\/fotsportegyesulet\/\" \/>\n<meta property=\"article:modified_time\" content=\"2022-05-31T13:34:57+00:00\" \/>\n<meta property=\"og:image\" content=\"https:\/\/fotsportegyesulet.hu\/wp-content\/uploads\/2022\/05\/2000x500-DARTS.png\" \/>\n<meta name=\"twitter:card\" content=\"summary_large_image\" \/>\n<meta name=\"twitter:label1\" content=\"Becs\u00fclt olvas\u00e1si id\u0151\" \/>\n\t<meta name=\"twitter:data1\" content=\"2 perc\" \/>\n<script type=\"application\/ld+json\" class=\"yoast-schema-graph\">{\"@context\":\"https:\/\/schema.org\",\"@graph\":[{\"@type\":\"WebPage\",\"@id\":\"https:\/\/fotsportegyesulet.hu\/index.php\/foti-foci-fesztival-darts-foci-verseny\/\",\"url\":\"https:\/\/fotsportegyesulet.hu\/index.php\/foti-foci-fesztival-darts-foci-verseny\/\",\"name\":\"F\u00f3ti Foci Fesztiv\u00e1l Darts foci verseny - F\u00d3T SPORTEGYES\u00dcLET\",\"isPartOf\":{\"@id\":\"https:\/\/fotsportegyesulet.hu\/#website\"},\"primaryImageOfPage\":{\"@id\":\"https:\/\/fotsportegyesulet.hu\/index.php\/foti-foci-fesztival-darts-foci-verseny\/#primaryimage\"},\"image\":{\"@id\":\"https:\/\/fotsportegyesulet.hu\/index.php\/foti-foci-fesztival-darts-foci-verseny\/#primaryimage\"},\"thumbnailUrl\":\"https:\/\/fotsportegyesulet.hu\/wp-content\/uploads\/2022\/05\/2000x500-DARTS.png\",\"datePublished\":\"2022-05-10T15:37:10+00:00\",\"dateModified\":\"2022-05-31T13:34:57+00:00\",\"breadcrumb\":{\"@id\":\"https:\/\/fotsportegyesulet.hu\/index.php\/foti-foci-fesztival-darts-foci-verseny\/#breadcrumb\"},\"inLanguage\":\"hu\",\"potentialAction\":[{\"@type\":\"ReadAction\",\"target\":[\"https:\/\/fotsportegyesulet.hu\/index.php\/foti-foci-fesztival-darts-foci-verseny\/\"]}]},{\"@type\":\"ImageObject\",\"inLanguage\":\"hu\",\"@id\":\"https:\/\/fotsportegyesulet.hu\/index.php\/foti-foci-fesztival-darts-foci-verseny\/#primaryimage\",\"url\":\"https:\/\/fotsportegyesulet.hu\/wp-content\/uploads\/2022\/05\/2000x500-DARTS.png\",\"contentUrl\":\"https:\/\/fotsportegyesulet.hu\/wp-content\/uploads\/2022\/05\/2000x500-DARTS.png\",\"width\":2000,\"height\":500,\"caption\":\"f\u00f3ti foci darts\"},{\"@type\":\"BreadcrumbList\",\"@id\":\"https:\/\/fotsportegyesulet.hu\/index.php\/foti-foci-fesztival-darts-foci-verseny\/#breadcrumb\",\"itemListElement\":[{\"@type\":\"ListItem\",\"position\":1,\"name\":\"Kezd\u0151lap\",\"item\":\"https:\/\/fotsportegyesulet.hu\/\"},{\"@type\":\"ListItem\",\"position\":2,\"name\":\"F\u00f3ti Foci Fesztiv\u00e1l Darts foci verseny\"}]},{\"@type\":\"WebSite\",\"@id\":\"https:\/\/fotsportegyesulet.hu\/#website\",\"url\":\"https:\/\/fotsportegyesulet.hu\/\",\"name\":\"F\u00d3T SPORTEGYES\u00dcLET\",\"description\":\"\",\"publisher\":{\"@id\":\"https:\/\/fotsportegyesulet.hu\/#organization\"},\"potentialAction\":[{\"@type\":\"SearchAction\",\"target\":{\"@type\":\"EntryPoint\",\"urlTemplate\":\"https:\/\/fotsportegyesulet.hu\/?s={search_term_string}\"},\"query-input\":{\"@type\":\"PropertyValueSpecification\",\"valueRequired\":true,\"valueName\":\"search_term_string\"}}],\"inLanguage\":\"hu\"},{\"@type\":\"Organization\",\"@id\":\"https:\/\/fotsportegyesulet.hu\/#organization\",\"name\":\"F\u00f3t Sportegyes\u00fclet\",\"url\":\"https:\/\/fotsportegyesulet.hu\/\",\"logo\":{\"@type\":\"ImageObject\",\"inLanguage\":\"hu\",\"@id\":\"https:\/\/fotsportegyesulet.hu\/#\/schema\/logo\/image\/\",\"url\":\"https:\/\/fotsportegyesulet.hu\/wp-content\/uploads\/2020\/07\/eredeti-sz\u00ednes-vektoros-Fot-cimer-3.png\",\"contentUrl\":\"https:\/\/fotsportegyesulet.hu\/wp-content\/uploads\/2020\/07\/eredeti-sz\u00ednes-vektoros-Fot-cimer-3.png\",\"width\":500,\"height\":500,\"caption\":\"F\u00f3t Sportegyes\u00fclet\"},\"image\":{\"@id\":\"https:\/\/fotsportegyesulet.hu\/#\/schema\/logo\/image\/\"},\"sameAs\":[\"https:\/\/www.facebook.com\/fotsportegyesulet\/\"]}]}<\/script>\n<!-- \/ Yoast SEO plugin. -->","yoast_head_json":{"title":"F\u00f3ti Foci Fesztiv\u00e1l Darts foci verseny - F\u00d3T SPORTEGYES\u00dcLET","robots":{"index":"index","follow":"follow","max-snippet":"max-snippet:-1","max-image-preview":"max-image-preview:large","max-video-preview":"max-video-preview:-1"},"canonical":"https:\/\/fotsportegyesulet.hu\/index.php\/foti-foci-fesztival-darts-foci-verseny\/","og_locale":"hu_HU","og_type":"article","og_title":"F\u00f3ti Foci Fesztiv\u00e1l Darts foci verseny - F\u00d3T SPORTEGYES\u00dcLET","og_description":"Gy\u0171jts \u00f6ssze min\u00e9l t\u00f6bb pontot! 10:00 -14:00 k\u00f6z\u00f6tt versenyeink egyik legizgalmasabb \u00e1llom\u00e1s\u00e1t pr\u00f3b\u00e1lhatod ki a 7\u00d75 m\u00e9teres, 6 m\u00e9ter magas Darts focit, amely t\u00f6k\u00e9letesen \u00f6tv\u00f6zi a foci \u00e9s a darts...","og_url":"https:\/\/fotsportegyesulet.hu\/index.php\/foti-foci-fesztival-darts-foci-verseny\/","og_site_name":"F\u00d3T SPORTEGYES\u00dcLET","article_publisher":"https:\/\/www.facebook.com\/fotsportegyesulet\/","article_modified_time":"2022-05-31T13:34:57+00:00","og_image":[{"url":"https:\/\/fotsportegyesulet.hu\/wp-content\/uploads\/2022\/05\/2000x500-DARTS.png","type":"","width":"","height":""}],"twitter_card":"summary_large_image","twitter_misc":{"Becs\u00fclt olvas\u00e1si id\u0151":"2 perc"},"schema":{"@context":"https:\/\/schema.org","@graph":[{"@type":"WebPage","@id":"https:\/\/fotsportegyesulet.hu\/index.php\/foti-foci-fesztival-darts-foci-verseny\/","url":"https:\/\/fotsportegyesulet.hu\/index.php\/foti-foci-fesztival-darts-foci-verseny\/","name":"F\u00f3ti Foci Fesztiv\u00e1l Darts foci verseny - F\u00d3T SPORTEGYES\u00dcLET","isPartOf":{"@id":"https:\/\/fotsportegyesulet.hu\/#website"},"primaryImageOfPage":{"@id":"https:\/\/fotsportegyesulet.hu\/index.php\/foti-foci-fesztival-darts-foci-verseny\/#primaryimage"},"image":{"@id":"https:\/\/fotsportegyesulet.hu\/index.php\/foti-foci-fesztival-darts-foci-verseny\/#primaryimage"},"thumbnailUrl":"https:\/\/fotsportegyesulet.hu\/wp-content\/uploads\/2022\/05\/2000x500-DARTS.png","datePublished":"2022-05-10T15:37:10+00:00","dateModified":"2022-05-31T13:34:57+00:00","breadcrumb":{"@id":"https:\/\/fotsportegyesulet.hu\/index.php\/foti-foci-fesztival-darts-foci-verseny\/#breadcrumb"},"inLanguage":"hu","potentialAction":[{"@type":"ReadAction","target":["https:\/\/fotsportegyesulet.hu\/index.php\/foti-foci-fesztival-darts-foci-verseny\/"]}]},{"@type":"ImageObject","inLanguage":"hu","@id":"https:\/\/fotsportegyesulet.hu\/index.php\/foti-foci-fesztival-darts-foci-verseny\/#primaryimage","url":"https:\/\/fotsportegyesulet.hu\/wp-content\/uploads\/2022\/05\/2000x500-DARTS.png","contentUrl":"https:\/\/fotsportegyesulet.hu\/wp-content\/uploads\/2022\/05\/2000x500-DARTS.png","width":2000,"height":500,"caption":"f\u00f3ti foci darts"},{"@type":"BreadcrumbList","@id":"https:\/\/fotsportegyesulet.hu\/index.php\/foti-foci-fesztival-darts-foci-verseny\/#breadcrumb","itemListElement":[{"@type":"ListItem","position":1,"name":"Kezd\u0151lap","item":"https:\/\/fotsportegyesulet.hu\/"},{"@type":"ListItem","position":2,"name":"F\u00f3ti Foci Fesztiv\u00e1l Darts foci verseny"}]},{"@type":"WebSite","@id":"https:\/\/fotsportegyesulet.hu\/#website","url":"https:\/\/fotsportegyesulet.hu\/","name":"F\u00d3T SPORTEGYES\u00dcLET","description":"","publisher":{"@id":"https:\/\/fotsportegyesulet.hu\/#organization"},"potentialAction":[{"@type":"SearchAction","target":{"@type":"EntryPoint","urlTemplate":"https:\/\/fotsportegyesulet.hu\/?s={search_term_string}"},"query-input":{"@type":"PropertyValueSpecification","valueRequired":true,"valueName":"search_term_string"}}],"inLanguage":"hu"},{"@type":"Organization","@id":"https:\/\/fotsportegyesulet.hu\/#organization","name":"F\u00f3t Sportegyes\u00fclet","url":"https:\/\/fotsportegyesulet.hu\/","logo":{"@type":"ImageObject","inLanguage":"hu","@id":"https:\/\/fotsportegyesulet.hu\/#\/schema\/logo\/image\/","url":"https:\/\/fotsportegyesulet.hu\/wp-content\/uploads\/2020\/07\/eredeti-sz\u00ednes-vektoros-Fot-cimer-3.png","contentUrl":"https:\/\/fotsportegyesulet.hu\/wp-content\/uploads\/2020\/07\/eredeti-sz\u00ednes-vektoros-Fot-cimer-3.png","width":500,"height":500,"caption":"F\u00f3t Sportegyes\u00fclet"},"image":{"@id":"https:\/\/fotsportegyesulet.hu\/#\/schema\/logo\/image\/"},"sameAs":["https:\/\/www.facebook.com\/fotsportegyesulet\/"]}]}},"ticketed":false,"_links":{"self":[{"href":"https:\/\/fotsportegyesulet.hu\/index.php\/wp-json\/wp\/v2\/pages\/4015","targetHints":{"allow":["GET"]}}],"collection":[{"href":"https:\/\/fotsportegyesulet.hu\/index.php\/wp-json\/wp\/v2\/pages"}],"about":[{"href":"https:\/\/fotsportegyesulet.hu\/index.php\/wp-json\/wp\/v2\/types\/page"}],"author":[{"embeddable":true,"href":"https:\/\/fotsportegyesulet.hu\/index.php\/wp-json\/wp\/v2\/users\/3"}],"replies":[{"embeddable":true,"href":"https:\/\/fotsportegyesulet.hu\/index.php\/wp-json\/wp\/v2\/comments?post=4015"}],"version-history":[{"count":12,"href":"https:\/\/fotsportegyesulet.hu\/index.php\/wp-json\/wp\/v2\/pages\/4015\/revisions"}],"predecessor-version":[{"id":4456,"href":"https:\/\/fotsportegyesulet.hu\/index.php\/wp-json\/wp\/v2\/pages\/4015\/revisions\/4456"}],"wp:attachment":[{"href":"https:\/\/fotsportegyesulet.hu\/index.php\/wp-json\/wp\/v2\/media?parent=4015"}],"curies":[{"name":"wp","href":"https:\/\/api.w.org\/{rel}","templated":true}]}}