{"id":102,"date":"2014-04-12T17:04:15","date_gmt":"2014-04-12T17:04:15","guid":{"rendered":"http:\/\/sporty-wp.wp4life.com\/?page_id=102"},"modified":"2020-10-27T21:08:00","modified_gmt":"2020-10-27T19:08:00","slug":"rolunk","status":"publish","type":"page","link":"https:\/\/fotsportegyesulet.hu\/index.php\/rolunk\/","title":{"rendered":"R\u00f3lunk"},"content":{"rendered":"<div id=\"pl-102\"  class=\"panel-layout\" ><div id=\"pg-102-0\"  class=\"panel-grid panel-no-style\" ><div id=\"pgc-102-0-0\"  class=\"panel-grid-cell\" ><div id=\"panel-102-0-0-0\" class=\"so-panel widget widget_sow-editor panel-first-child\" data-index=\"0\" ><div\n\t\t\t\n\t\t\tclass=\"so-widget-sow-editor so-widget-sow-editor-base\"\n\t\t\t\n\t\t>\n<div class=\"siteorigin-widget-tinymce textwidget\">\n\t<h2>Egyes\u00fclet\u00fcnk t\u00f6rt\u00e9nete<\/h2>\n<p>A \u201eboldog b\u00e9keid\u0151k\u201d utols\u00f3 \u00e9v\u00e9ben, 1913-ban alakult meg a F\u00f3ti Sport Egyes\u00fclet, egyetlen szakoszt\u00e1llyal,\u00a0a labdar\u00fag\u00f3k\u00e9val. Alap\u00edt\u00f3i, t\u00e1mogat\u00f3i, p\u00e1rtol\u00f3i f\u0151leg \u00dajpestre, az Egyes\u00fclt Izz\u00f3 V\u00e1ci \u00fati\u00a0gy\u00e1r\u00e1ba j\u00e1rtak dolgozni, s val\u00f3sz\u00edn\u0171leg e k\u00f6t\u0151d\u00e9s r\u00e9v\u00e9n kapta az \u00fajpestiek lila-feh\u00e9r sz\u00edneit a f\u00f3ti\u00a0csapat is.<\/p>\n<p>1945 ut\u00e1n a j\u00f3l ismert t\u00e1rsadalmi v\u00e1ltoz\u00e1sok mellett \u00e9p\u00fclt \u00fajj\u00e1 a sport\u00e9let\u00a0Magyarorsz\u00e1gon, \u00edgy F\u00f3ton is. Ebben az id\u0151szakban t\u00f6bb olyan j\u00e1t\u00e9kos \u00f6lt\u00f6tte mag\u00e1ra a\u00a0f\u00f3tiak mez\u00e9t, akib\u0151l legal\u00e1bb helyi szinten legenda\u00a0lett, m\u00e1sok pedig egyenesen az NB I-ig\u00a0vagy NB II-ig vitt\u00e9k.<\/p>\n<p>A viszonylag sikeres \u00e9ra ut\u00e1n, a\u00a0\u201970-es \u00e9vek v\u00e9g\u00e9re m\u00e1r ism\u00e9t a ter\u00fcleti\u00a0\u00e9s a j\u00e1r\u00e1si bajnoks\u00e1gokban\u00a0tal\u00e1lhatjuk az egy\u00fcttest, s csak\u00a01979-t\u0151l, a t\u00e9esz-id\u0151k kezdet\u00e9vel\u00a0stabiliz\u00e1l\u00f3dik az FSE helye a\u00a0megyei els\u0151 oszt\u00e1lyban.<\/p>\n<p><img loading=\"lazy\" decoding=\"async\" class=\"size-full wp-image-1051 aligncenter\" src=\"https:\/\/fotsportegyesulet.hu\/wp-content\/uploads\/2020\/08\/FSE-regen.jpg\" alt=\"\" width=\"448\" height=\"269\" srcset=\"https:\/\/fotsportegyesulet.hu\/wp-content\/uploads\/2020\/08\/FSE-regen.jpg 448w, https:\/\/fotsportegyesulet.hu\/wp-content\/uploads\/2020\/08\/FSE-regen-300x180.jpg 300w\" sizes=\"auto, (max-width: 448px) 100vw, 448px\" \/><\/p>\n<\/div>\n<\/div><\/div><div id=\"panel-102-0-0-1\" class=\"so-panel widget widget_sow-editor panel-last-child\" data-index=\"1\" ><div\n\t\t\t\n\t\t\tclass=\"so-widget-sow-editor so-widget-sow-editor-base\"\n\t\t\t\n\t\t>\n<div class=\"siteorigin-widget-tinymce textwidget\">\n\t<h2>A 80-as \u00e9vek<\/h2>\n<p>A 80-as \u00e9vek elej\u00e9n zajlik a n\u00e9z\u0151t\u00e9r- \u00e9s \u00f6lt\u00f6z\u0151korszer\u0171s\u00edt\u00e9ssel j\u00e1r\u00f3 p\u00e1lyafel\u00faj\u00edt\u00e1s. Ebben az id\u0151szakban sz\u00e1mos f\u00f3ti v\u00e1llalkoz\u00f3, k\u00f6zt\u00fck Balogh S\u00e1ndor f\u0151szponzor, biztos\u00edtja a F\u00d3T SE m\u0171k\u00f6d\u00e9s\u00e9t.<\/p>\n<p>Az \u00e9vezred utols\u00f3 \u00e9veit\u00a0k\u00e9t ez\u00fcst\u00e9rem \u00e9s egy remek f\u00f3ti csapat sz\u00ednes\u00edti.<\/p>\n<p>1999-ben Balogh S\u00e1ndor j\u00f3volt\u00e1b\u00f3l NB II-es bajnoks\u00e1gban szerepel\u00fcnk, \u00e9s ebben az \u00e9vben\u00a0a f\u00f3tiak Hajd\u00fa Norbert fejes\u00e9vel 1-0-ra\u00a0legy\u0151zik az \u00e9lvonalbeli Di\u00f3sgy\u0151rt, a tov\u00e1bbjut\u00e1st\u00a0\u00e9r\u0151 g\u00f3lt a telev\u00edzi\u00f3k sporth\u00edrad\u00f3i is k\u00f6zvet\u00edtik.<\/p>\n<p>Az egykori \u00e9s rem\u00e9nybeli f\u0151szponzor hal\u00e1la megviseli a csapatot, \u00edgy visszaesik a megye II-es oszt\u00e1lyba.<\/p>\n<p>2013-ban 100 \u00e9ves lett az egyes\u00fclet. \u00dcnnep\u00e9lyes keretek k\u00f6z\u00f6tt,a sport l\u00e9tes\u00edtm\u00e9nyt Balog S\u00e1ndor Sportcentrumnak nevezik el.<\/p>\n<p><img loading=\"lazy\" decoding=\"async\" class=\"size-full wp-image-1117 aligncenter\" src=\"https:\/\/fotsportegyesulet.hu\/wp-content\/uploads\/2020\/08\/fse2.jpg\" alt=\"\" width=\"480\" height=\"260\" srcset=\"https:\/\/fotsportegyesulet.hu\/wp-content\/uploads\/2020\/08\/fse2.jpg 480w, https:\/\/fotsportegyesulet.hu\/wp-content\/uploads\/2020\/08\/fse2-300x163.jpg 300w\" sizes=\"auto, (max-width: 480px) 100vw, 480px\" \/><\/p>\n<\/div>\n<\/div><\/div><\/div><\/div><\/div>","protected":false},"excerpt":{"rendered":"<p>Egyes\u00fclet\u00fcnk t\u00f6rt\u00e9nete A \u201eboldog b\u00e9keid\u0151k\u201d utols\u00f3 \u00e9v\u00e9ben, 1913-ban alakult meg a F\u00f3ti Sport Egyes\u00fclet, egyetlen szakoszt\u00e1llyal,\u00a0a labdar\u00fag\u00f3k\u00e9val. Alap\u00edt\u00f3i, t\u00e1mogat\u00f3i, p\u00e1rtol\u00f3i f\u0151leg \u00dajpestre, az Egyes\u00fclt Izz\u00f3 V\u00e1ci \u00fati\u00a0gy\u00e1r\u00e1ba j\u00e1rtak dolgozni, s&#8230;<\/p>\n","protected":false},"author":3,"featured_media":973,"parent":0,"menu_order":0,"comment_status":"open","ping_status":"open","template":"about.php","meta":{"_bbp_topic_count":0,"_bbp_reply_count":0,"_bbp_total_topic_count":0,"_bbp_total_reply_count":0,"_bbp_voice_count":0,"_bbp_anonymous_reply_count":0,"_bbp_topic_count_hidden":0,"_bbp_reply_count_hidden":0,"_bbp_forum_subforum_count":0,"_price":"","_stock":"","_tribe_ticket_header":"","_tribe_default_ticket_provider":"","_ticket_start_date":"","_ticket_end_date":"","_tribe_ticket_show_description":"","_tribe_ticket_show_not_going":false,"_tribe_ticket_use_global_stock":"","_tribe_ticket_global_stock_level":"","_global_stock_mode":"","_global_stock_cap":"","_tribe_rsvp_for_event":"","_tribe_ticket_going_count":"","_tribe_ticket_not_going_count":"","_tribe_tickets_list":"[]","_tribe_ticket_has_attendee_info_fields":false,"footnotes":"","_tec_slr_enabled":"","_tec_slr_layout":""},"class_list":["post-102","page","type-page","status-publish","has-post-thumbnail","hentry"],"yoast_head":"<!-- This site is optimized with the Yoast SEO plugin v25.7 - https:\/\/yoast.com\/wordpress\/plugins\/seo\/ -->\n<title>R\u00f3lunk - F\u00d3T SPORTEGYES\u00dcLET<\/title>\n<meta name=\"robots\" content=\"index, follow, max-snippet:-1, max-image-preview:large, max-video-preview:-1\" \/>\n<link rel=\"canonical\" href=\"https:\/\/fotsportegyesulet.hu\/index.php\/rolunk\/\" \/>\n<meta property=\"og:locale\" content=\"hu_HU\" \/>\n<meta property=\"og:type\" content=\"article\" \/>\n<meta property=\"og:title\" content=\"R\u00f3lunk - F\u00d3T SPORTEGYES\u00dcLET\" \/>\n<meta property=\"og:description\" content=\"Egyes\u00fclet\u00fcnk t\u00f6rt\u00e9nete A \u201eboldog b\u00e9keid\u0151k\u201d utols\u00f3 \u00e9v\u00e9ben, 1913-ban alakult meg a F\u00f3ti Sport Egyes\u00fclet, egyetlen szakoszt\u00e1llyal,\u00a0a labdar\u00fag\u00f3k\u00e9val. Alap\u00edt\u00f3i, t\u00e1mogat\u00f3i, p\u00e1rtol\u00f3i f\u0151leg \u00dajpestre, az Egyes\u00fclt Izz\u00f3 V\u00e1ci \u00fati\u00a0gy\u00e1r\u00e1ba j\u00e1rtak dolgozni, s...\" \/>\n<meta property=\"og:url\" content=\"https:\/\/fotsportegyesulet.hu\/index.php\/rolunk\/\" \/>\n<meta property=\"og:site_name\" content=\"F\u00d3T SPORTEGYES\u00dcLET\" \/>\n<meta property=\"article:publisher\" content=\"https:\/\/www.facebook.com\/fotsportegyesulet\/\" \/>\n<meta property=\"article:modified_time\" content=\"2020-10-27T19:08:00+00:00\" \/>\n<meta property=\"og:image\" content=\"https:\/\/fotsportegyesulet.hu\/wp-content\/uploads\/2020\/08\/FSE.png\" \/>\n\t<meta property=\"og:image:width\" content=\"1170\" \/>\n\t<meta property=\"og:image:height\" content=\"325\" \/>\n\t<meta property=\"og:image:type\" content=\"image\/png\" \/>\n<meta name=\"twitter:card\" content=\"summary_large_image\" \/>\n<meta name=\"twitter:label1\" content=\"Becs\u00fclt olvas\u00e1si id\u0151\" \/>\n\t<meta name=\"twitter:data1\" content=\"2 perc\" \/>\n<script type=\"application\/ld+json\" class=\"yoast-schema-graph\">{\"@context\":\"https:\/\/schema.org\",\"@graph\":[{\"@type\":\"WebPage\",\"@id\":\"https:\/\/fotsportegyesulet.hu\/index.php\/rolunk\/\",\"url\":\"https:\/\/fotsportegyesulet.hu\/index.php\/rolunk\/\",\"name\":\"R\u00f3lunk - F\u00d3T SPORTEGYES\u00dcLET\",\"isPartOf\":{\"@id\":\"https:\/\/fotsportegyesulet.hu\/#website\"},\"primaryImageOfPage\":{\"@id\":\"https:\/\/fotsportegyesulet.hu\/index.php\/rolunk\/#primaryimage\"},\"image\":{\"@id\":\"https:\/\/fotsportegyesulet.hu\/index.php\/rolunk\/#primaryimage\"},\"thumbnailUrl\":\"https:\/\/fotsportegyesulet.hu\/wp-content\/uploads\/2020\/08\/FSE.png\",\"datePublished\":\"2014-04-12T17:04:15+00:00\",\"dateModified\":\"2020-10-27T19:08:00+00:00\",\"breadcrumb\":{\"@id\":\"https:\/\/fotsportegyesulet.hu\/index.php\/rolunk\/#breadcrumb\"},\"inLanguage\":\"hu\",\"potentialAction\":[{\"@type\":\"ReadAction\",\"target\":[\"https:\/\/fotsportegyesulet.hu\/index.php\/rolunk\/\"]}]},{\"@type\":\"ImageObject\",\"inLanguage\":\"hu\",\"@id\":\"https:\/\/fotsportegyesulet.hu\/index.php\/rolunk\/#primaryimage\",\"url\":\"https:\/\/fotsportegyesulet.hu\/wp-content\/uploads\/2020\/08\/FSE.png\",\"contentUrl\":\"https:\/\/fotsportegyesulet.hu\/wp-content\/uploads\/2020\/08\/FSE.png\",\"width\":1170,\"height\":325},{\"@type\":\"BreadcrumbList\",\"@id\":\"https:\/\/fotsportegyesulet.hu\/index.php\/rolunk\/#breadcrumb\",\"itemListElement\":[{\"@type\":\"ListItem\",\"position\":1,\"name\":\"Kezd\u0151lap\",\"item\":\"https:\/\/fotsportegyesulet.hu\/\"},{\"@type\":\"ListItem\",\"position\":2,\"name\":\"R\u00f3lunk\"}]},{\"@type\":\"WebSite\",\"@id\":\"https:\/\/fotsportegyesulet.hu\/#website\",\"url\":\"https:\/\/fotsportegyesulet.hu\/\",\"name\":\"F\u00d3T SPORTEGYES\u00dcLET\",\"description\":\"\",\"publisher\":{\"@id\":\"https:\/\/fotsportegyesulet.hu\/#organization\"},\"potentialAction\":[{\"@type\":\"SearchAction\",\"target\":{\"@type\":\"EntryPoint\",\"urlTemplate\":\"https:\/\/fotsportegyesulet.hu\/?s={search_term_string}\"},\"query-input\":{\"@type\":\"PropertyValueSpecification\",\"valueRequired\":true,\"valueName\":\"search_term_string\"}}],\"inLanguage\":\"hu\"},{\"@type\":\"Organization\",\"@id\":\"https:\/\/fotsportegyesulet.hu\/#organization\",\"name\":\"F\u00f3t Sportegyes\u00fclet\",\"url\":\"https:\/\/fotsportegyesulet.hu\/\",\"logo\":{\"@type\":\"ImageObject\",\"inLanguage\":\"hu\",\"@id\":\"https:\/\/fotsportegyesulet.hu\/#\/schema\/logo\/image\/\",\"url\":\"https:\/\/fotsportegyesulet.hu\/wp-content\/uploads\/2020\/07\/eredeti-sz\u00ednes-vektoros-Fot-cimer-3.png\",\"contentUrl\":\"https:\/\/fotsportegyesulet.hu\/wp-content\/uploads\/2020\/07\/eredeti-sz\u00ednes-vektoros-Fot-cimer-3.png\",\"width\":500,\"height\":500,\"caption\":\"F\u00f3t Sportegyes\u00fclet\"},\"image\":{\"@id\":\"https:\/\/fotsportegyesulet.hu\/#\/schema\/logo\/image\/\"},\"sameAs\":[\"https:\/\/www.facebook.com\/fotsportegyesulet\/\"]}]}<\/script>\n<!-- \/ Yoast SEO plugin. -->","yoast_head_json":{"title":"R\u00f3lunk - F\u00d3T SPORTEGYES\u00dcLET","robots":{"index":"index","follow":"follow","max-snippet":"max-snippet:-1","max-image-preview":"max-image-preview:large","max-video-preview":"max-video-preview:-1"},"canonical":"https:\/\/fotsportegyesulet.hu\/index.php\/rolunk\/","og_locale":"hu_HU","og_type":"article","og_title":"R\u00f3lunk - F\u00d3T SPORTEGYES\u00dcLET","og_description":"Egyes\u00fclet\u00fcnk t\u00f6rt\u00e9nete A \u201eboldog b\u00e9keid\u0151k\u201d utols\u00f3 \u00e9v\u00e9ben, 1913-ban alakult meg a F\u00f3ti Sport Egyes\u00fclet, egyetlen szakoszt\u00e1llyal,\u00a0a labdar\u00fag\u00f3k\u00e9val. Alap\u00edt\u00f3i, t\u00e1mogat\u00f3i, p\u00e1rtol\u00f3i f\u0151leg \u00dajpestre, az Egyes\u00fclt Izz\u00f3 V\u00e1ci \u00fati\u00a0gy\u00e1r\u00e1ba j\u00e1rtak dolgozni, s...","og_url":"https:\/\/fotsportegyesulet.hu\/index.php\/rolunk\/","og_site_name":"F\u00d3T SPORTEGYES\u00dcLET","article_publisher":"https:\/\/www.facebook.com\/fotsportegyesulet\/","article_modified_time":"2020-10-27T19:08:00+00:00","og_image":[{"width":1170,"height":325,"url":"https:\/\/fotsportegyesulet.hu\/wp-content\/uploads\/2020\/08\/FSE.png","type":"image\/png"}],"twitter_card":"summary_large_image","twitter_misc":{"Becs\u00fclt olvas\u00e1si id\u0151":"2 perc"},"schema":{"@context":"https:\/\/schema.org","@graph":[{"@type":"WebPage","@id":"https:\/\/fotsportegyesulet.hu\/index.php\/rolunk\/","url":"https:\/\/fotsportegyesulet.hu\/index.php\/rolunk\/","name":"R\u00f3lunk - F\u00d3T SPORTEGYES\u00dcLET","isPartOf":{"@id":"https:\/\/fotsportegyesulet.hu\/#website"},"primaryImageOfPage":{"@id":"https:\/\/fotsportegyesulet.hu\/index.php\/rolunk\/#primaryimage"},"image":{"@id":"https:\/\/fotsportegyesulet.hu\/index.php\/rolunk\/#primaryimage"},"thumbnailUrl":"https:\/\/fotsportegyesulet.hu\/wp-content\/uploads\/2020\/08\/FSE.png","datePublished":"2014-04-12T17:04:15+00:00","dateModified":"2020-10-27T19:08:00+00:00","breadcrumb":{"@id":"https:\/\/fotsportegyesulet.hu\/index.php\/rolunk\/#breadcrumb"},"inLanguage":"hu","potentialAction":[{"@type":"ReadAction","target":["https:\/\/fotsportegyesulet.hu\/index.php\/rolunk\/"]}]},{"@type":"ImageObject","inLanguage":"hu","@id":"https:\/\/fotsportegyesulet.hu\/index.php\/rolunk\/#primaryimage","url":"https:\/\/fotsportegyesulet.hu\/wp-content\/uploads\/2020\/08\/FSE.png","contentUrl":"https:\/\/fotsportegyesulet.hu\/wp-content\/uploads\/2020\/08\/FSE.png","width":1170,"height":325},{"@type":"BreadcrumbList","@id":"https:\/\/fotsportegyesulet.hu\/index.php\/rolunk\/#breadcrumb","itemListElement":[{"@type":"ListItem","position":1,"name":"Kezd\u0151lap","item":"https:\/\/fotsportegyesulet.hu\/"},{"@type":"ListItem","position":2,"name":"R\u00f3lunk"}]},{"@type":"WebSite","@id":"https:\/\/fotsportegyesulet.hu\/#website","url":"https:\/\/fotsportegyesulet.hu\/","name":"F\u00d3T SPORTEGYES\u00dcLET","description":"","publisher":{"@id":"https:\/\/fotsportegyesulet.hu\/#organization"},"potentialAction":[{"@type":"SearchAction","target":{"@type":"EntryPoint","urlTemplate":"https:\/\/fotsportegyesulet.hu\/?s={search_term_string}"},"query-input":{"@type":"PropertyValueSpecification","valueRequired":true,"valueName":"search_term_string"}}],"inLanguage":"hu"},{"@type":"Organization","@id":"https:\/\/fotsportegyesulet.hu\/#organization","name":"F\u00f3t Sportegyes\u00fclet","url":"https:\/\/fotsportegyesulet.hu\/","logo":{"@type":"ImageObject","inLanguage":"hu","@id":"https:\/\/fotsportegyesulet.hu\/#\/schema\/logo\/image\/","url":"https:\/\/fotsportegyesulet.hu\/wp-content\/uploads\/2020\/07\/eredeti-sz\u00ednes-vektoros-Fot-cimer-3.png","contentUrl":"https:\/\/fotsportegyesulet.hu\/wp-content\/uploads\/2020\/07\/eredeti-sz\u00ednes-vektoros-Fot-cimer-3.png","width":500,"height":500,"caption":"F\u00f3t Sportegyes\u00fclet"},"image":{"@id":"https:\/\/fotsportegyesulet.hu\/#\/schema\/logo\/image\/"},"sameAs":["https:\/\/www.facebook.com\/fotsportegyesulet\/"]}]}},"ticketed":false,"_links":{"self":[{"href":"https:\/\/fotsportegyesulet.hu\/index.php\/wp-json\/wp\/v2\/pages\/102","targetHints":{"allow":["GET"]}}],"collection":[{"href":"https:\/\/fotsportegyesulet.hu\/index.php\/wp-json\/wp\/v2\/pages"}],"about":[{"href":"https:\/\/fotsportegyesulet.hu\/index.php\/wp-json\/wp\/v2\/types\/page"}],"author":[{"embeddable":true,"href":"https:\/\/fotsportegyesulet.hu\/index.php\/wp-json\/wp\/v2\/users\/3"}],"replies":[{"embeddable":true,"href":"https:\/\/fotsportegyesulet.hu\/index.php\/wp-json\/wp\/v2\/comments?post=102"}],"version-history":[{"count":10,"href":"https:\/\/fotsportegyesulet.hu\/index.php\/wp-json\/wp\/v2\/pages\/102\/revisions"}],"predecessor-version":[{"id":1906,"href":"https:\/\/fotsportegyesulet.hu\/index.php\/wp-json\/wp\/v2\/pages\/102\/revisions\/1906"}],"wp:featuredmedia":[{"embeddable":true,"href":"https:\/\/fotsportegyesulet.hu\/index.php\/wp-json\/wp\/v2\/media\/973"}],"wp:attachment":[{"href":"https:\/\/fotsportegyesulet.hu\/index.php\/wp-json\/wp\/v2\/media?parent=102"}],"curies":[{"name":"wp","href":"https:\/\/api.w.org\/{rel}","templated":true}]}}