{"version":"1.0","provider_name":"F\u00d3T SPORTEGYES\u00dcLET","provider_url":"https:\/\/fotsportegyesulet.hu","author_name":"F\u00f3t SE","author_url":"https:\/\/fotsportegyesulet.hu\/index.php\/author\/kapitany-zoltan\/","title":"F\u00f3ti Foci Fesztiv\u00e1l Darts foci verseny - F\u00d3T SPORTEGYES\u00dcLET","type":"rich","width":600,"height":338,"html":"<blockquote class=\"wp-embedded-content\" data-secret=\"hZgRsSnfGZ\"><a href=\"https:\/\/fotsportegyesulet.hu\/index.php\/foti-foci-fesztival-darts-foci-verseny\/\">F\u00f3ti Foci Fesztiv\u00e1l Darts foci verseny<\/a><\/blockquote><iframe sandbox=\"allow-scripts\" security=\"restricted\" src=\"https:\/\/fotsportegyesulet.hu\/index.php\/foti-foci-fesztival-darts-foci-verseny\/embed\/#?secret=hZgRsSnfGZ\" width=\"600\" height=\"338\" title=\"&#8220;F\u00f3ti Foci Fesztiv\u00e1l Darts foci verseny&#8221; &#8212; F\u00d3T SPORTEGYES\u00dcLET\" data-secret=\"hZgRsSnfGZ\" frameborder=\"0\" marginwidth=\"0\" marginheight=\"0\" scrolling=\"no\" class=\"wp-embedded-content\"><\/iframe><script type=\"text\/javascript\">\n\/* <![CDATA[ *\/\n\/*! This file is auto-generated *\/\n!function(d,l){\"use strict\";l.querySelector&&d.addEventListener&&\"undefined\"!=typeof URL&&(d.wp=d.wp||{},d.wp.receiveEmbedMessage||(d.wp.receiveEmbedMessage=function(e){var t=e.data;if((t||t.secret||t.message||t.value)&&!\/[^a-zA-Z0-9]\/.test(t.secret)){for(var s,r,n,a=l.querySelectorAll('iframe[data-secret=\"'+t.secret+'\"]'),o=l.querySelectorAll('blockquote[data-secret=\"'+t.secret+'\"]'),c=new RegExp(\"^https?:$\",\"i\"),i=0;i<o.length;i++)o[i].style.display=\"none\";for(i=0;i<a.length;i++)s=a[i],e.source===s.contentWindow&&(s.removeAttribute(\"style\"),\"height\"===t.message?(1e3<(r=parseInt(t.value,10))?r=1e3:~~r<200&&(r=200),s.height=r):\"link\"===t.message&&(r=new URL(s.getAttribute(\"src\")),n=new URL(t.value),c.test(n.protocol))&&n.host===r.host&&l.activeElement===s&&(d.top.location.href=t.value))}},d.addEventListener(\"message\",d.wp.receiveEmbedMessage,!1),l.addEventListener(\"DOMContentLoaded\",function(){for(var e,t,s=l.querySelectorAll(\"iframe.wp-embedded-content\"),r=0;r<s.length;r++)(t=(e=s[r]).getAttribute(\"data-secret\"))||(t=Math.random().toString(36).substring(2,12),e.src+=\"#?secret=\"+t,e.setAttribute(\"data-secret\",t)),e.contentWindow.postMessage({message:\"ready\",secret:t},\"*\")},!1)))}(window,document);\n\/* ]]> *\/\n<\/script>\n","description":"Gy\u0171jts \u00f6ssze min\u00e9l t\u00f6bb pontot! 10:00 -14:00 k\u00f6z\u00f6tt versenyeink egyik legizgalmasabb \u00e1llom\u00e1s\u00e1t pr\u00f3b\u00e1lhatod ki a 7\u00d75 m\u00e9teres, 6 m\u00e9ter magas Darts focit, amely t\u00f6k\u00e9letesen \u00f6tv\u00f6zi a foci \u00e9s a darts...","thumbnail_url":"https:\/\/fotsportegyesulet.hu\/wp-content\/uploads\/2022\/05\/2000x500-DARTS.png"}

FÓT SPORTEGYESÜLET

Fót SE

Fóti Foci Fesztivál Darts foci verseny - FÓT SPORTEGYESÜLET

<blockquote class="wp-embedded-content" data-secret="hZgRsSnfGZ"><a href="https://fotsportegyesulet.hu/index.php/foti-foci-fesztival-darts-foci-verseny/">Fóti Foci Fesztivál Darts foci verseny</a></blockquote><iframe sandbox="allow-scripts" security="restricted" src="https://fotsportegyesulet.hu/index.php/foti-foci-fesztival-darts-foci-verseny/embed/#?secret=hZgRsSnfGZ" width="600" height="338" title="&#8220;Fóti Foci Fesztivál Darts foci verseny&#8221; &#8212; FÓT SPORTEGYESÜLET" data-secret="hZgRsSnfGZ" frameborder="0" marginwidth="0" marginheight="0" scrolling="no" class="wp-embedded-content"></iframe><script type="text/javascript">
/* <![CDATA[ */
/*! This file is auto-generated */
!function(d,l){"use strict";l.querySelector&&d.addEventListener&&"undefined"!=typeof URL&&(d.wp=d.wp||{},d.wp.receiveEmbedMessage||(d.wp.receiveEmbedMessage=function(e){var t=e.data;if((t||t.secret||t.message||t.value)&&!/[^a-zA-Z0-9]/.test(t.secret)){for(var s,r,n,a=l.querySelectorAll('iframe[data-secret="'+t.secret+'"]'),o=l.querySelectorAll('blockquote[data-secret="'+t.secret+'"]'),c=new RegExp("^https?:$","i"),i=0;i<o.length;i++)o[i].style.display="none";for(i=0;i<a.length;i++)s=a[i],e.source===s.contentWindow&&(s.removeAttribute("style"),"height"===t.message?(1e3<(r=parseInt(t.value,10))?r=1e3:~~r<200&&(r=200),s.height=r):"link"===t.message&&(r=new URL(s.getAttribute("src")),n=new URL(t.value),c.test(n.protocol))&&n.host===r.host&&l.activeElement===s&&(d.top.location.href=t.value))}},d.addEventListener("message",d.wp.receiveEmbedMessage,!1),l.addEventListener("DOMContentLoaded",function(){for(var e,t,s=l.querySelectorAll("iframe.wp-embedded-content"),r=0;r<s.length;r++)(t=(e=s[r]).getAttribute("data-secret"))||(t=Math.random().toString(36).substring(2,12),e.src+="#?secret="+t,e.setAttribute("data-secret",t)),e.contentWindow.postMessage({message:"ready",secret:t},"*")},!1)))}(window,document);
/* ]]> */
</script>

Gyűjts össze minél több pontot! 10:00 -14:00 között versenyeink egyik legizgalmasabb állomását próbálhatod ki a 7×5 méteres, 6 méter magas Darts focit, amely tökéletesen ötvözi a foci és a darts...
